 i(y) = 67*y - 1423. Give i(21).
-16
Let g(x) = 25*x - 16. Give g(0).
-16
Let a(x) = 833*x + 4166. What is a(-5)?
1
Let p(n) = -2*n**2 + 3049*n + 6099. Give p(-2).
-7
Let g(w) = 12*w**2 - 56*w + 19. Determine g(5).
39
Let p(l) = -146*l + 2749. Determine p(21).
-317
Let q(z) = z**3 + 17*z**2 + 20*z + 77. Give q(-16).
13
Let v(l) = 19334*l + 173989. Give v(-9).
-17
Let d(u) = -8*u**2 - 3*u + 1. Determine d(-3).
-62
Let f(k) = -k**3 + 7*k**2 + k + 1. What is f(6)?
43
Let i(f) = -3*f**3 - 14*f**2 - 7*f - 96. What is i(-5)?
-36
Let j(k) = 2990*k + 92707. Calculate j(-31).
17
Let n(u) = -u**3 - 48*u - 127. Give n(-3).
44
Let i(v) = -17*v + 212. Give i(12).
8
Let a(y) = y**2 - 1318*y + 228159. Determine a(205).
-6
Let r(u) = -283*u + 5058. What is r(18)?
-36
Let z(y) = 2693*y - 8034. Determine z(3).
45
Let k(l) = -4*l**3 + 122*l**2 - 44*l - 481. Give k(30).
-1
Let u(n) = 7*n**2 + 608*n - 5308. Calculate u(8).
4
Let a(d) = -55*d - 44. Give a(1).
-99
Let u(h) = h**3 + 8*h**2 - 59*h - 141. Calculate u(-12).
-9
Let u(x) = -11*x**2 + x + 3. What is u(-4)?
-177
Let c(w) = -19*w**2 + 15*w + 23. What is c(2)?
-23
Let l(o) = 28*o + 1271. Give l(-46).
-17
Let u(d) = 239*d**2 - 952*d + 9. Calculate u(4).
25
Let x(v) = -v**2 - 25*v - 162. Give x(-14).
-8
Let s(t) = 2*t**2 - 16*t - 275. Give s(22).
341
Let k(t) = -433*t + 3440. Determine k(8).
-24
Let s(g) = 105*g - 370. Give s(0).
-370
Let s(c) = -2*c**2 + 66*c + 10. Calculate s(33).
10
Let d(r) = -1601*r + 17614. What is d(11)?
3
Let v(x) = -x**2 + 19*x + 2288. Calculate v(59).
-72
Let i(q) = q**3 + 68*q**2 - 5*q - 332. Calculate i(-68).
8
Let c(d) = -2*d**2 - 224*d - 432. Calculate c(-110).
8
Let y(p) = -3*p**3 + 6*p**2 + 8*p - 21. What is y(-3)?
90
Let s(f) = -2*f**2 + 152*f - 2174. Determine s(19).
-8
Let u(o) = o**3 - 5*o**2 + 18*o - 150. Calculate u(6).
-6
Let z(s) = -6*s**2 + 118*s - 647. Calculate z(7).
-115
Let w(f) = f**2 + 116*f - 832. Determine w(-124).
160
Let h(f) = f**3 + 38*f**2 + 57*f + 319. Calculate h(-37).
-421
Let k(r) = -3*r**3 + 37*r**2 - 8*r + 13. Determine k(12).
61
Let s(g) = g**2 - 10*g - 76. Determine s(12).
-52
Let t(m) = -m**2 - 204*m - 8958. Calculate t(-64).
2
Let h(t) = -t**2 - 14*t + 14840. What is h(-129)?
5
Let f(b) = 53*b**2 - 1059*b - 22. What is f(20)?
-2
Let m(z) = -z**3 + 11*z**2 - 20*z + 60. Give m(5).
110
Let h(j) = j**3 - 15*j**2 - 13*j + 161. Give h(15).
-34
Let d(m) = -28*m**3 + 191*m**2 + 30*m. Give d(7).
-35
Let z(s) = -35*s**3 + 15*s**2 + 54*s + 47. Calculate z(-2).
279
Let l(m) = -2*m**2 + 226*m - 2792. Give l(97).
312
Let g(h) = -h**2 + 43*h - 417. Determine g(29).
-11
Let m(p) = -5*p**3 + 2*p**2 + p - 9. What is m(2)?
-39
Let v(h) = h**3 - 15*h**2 + 105*h - 389. Calculate v(8).
3
Let z(r) = r**3 + 224*r**2 - 2*r - 443. What is z(-224)?
5
Let y(v) = -2*v**3 - 34*v**2 + 40*v + 81. Give y(-18).
9
Let h(j) = 102*j + 496. Give h(-5).
-14
Let u(w) = 12*w - 18. Determine u(3).
18
Let i(g) = 3*g**3 - 12*g**2 + 405*g - 1620. Calculate i(4).
0
Let o(u) = -117*u + 148. Calculate o(1).
31
Let s(l) = -677*l - 37247. Give s(-55).
-12
Let t(n) = n**3 + 28*n**2 - 62*n - 61. Give t(-30).
-1
Let u(w) = -w**3 - 10*w**2 - 24*w - 36. What is u(-8)?
28
Let p(j) = j**3 + 113*j**2 + 432*j - 437. What is p(-109)?
-1
Let m(u) = -10*u - 181. Determine m(-15).
-31
Let t(r) = -4*r**3 - 123*r**2 + 34*r + 97. Determine t(-31).
4
Let i(m) = -91*m - 1542. Give i(-17).
5
Let o(x) = -x**3 + 12*x**2 - 52*x + 452. Determine o(11).
1
Let z(a) = 5*a**3 - 46*a**2 - 80*a + 794. Give z(9).
-7
Let f(n) = -4*n**2 - 263*n + 56. What is f(-66)?
-10
Let c(j) = -77*j - 636. What is c(-9)?
57
Let m(c) = -c**2 + 6*c + 6706. What is m(-79)?
-9
Let x(w) = -40*w - 5792. Give x(-146).
48
Let a(g) = 12*g + 117. Determine a(9).
225
Let s(k) = -k**3 + 16*k**2 + 30*k - 483. Calculate s(16).
-3
Let b(t) = -5*t**2 - 339*t + 1511. Calculate b(-72).
-1
Let f(a) = -1194*a - 21501. What is f(-18)?
-9
Let y(a) = -a**3 - 7*a**2 + 23*a + 32. Determine y(-10).
102
Let u(c) = 2*c**2 + 307*c - 306. Calculate u(1).
3
Let n(c) = c**3 - 4*c**2 + 12*c - 4. Give n(2).
12
Let q(a) = 13*a + 19. Determine q(5).
84
Let f(r) = -r**2 - 151*r - 3395. Give f(-26).
-145
Let w(o) = 10954*o + 21903. Determine w(-2).
-5
Let q(x) = 14*x**3 - 4*x**2 + 4*x + 14. What is q(2)?
118
Let k(g) = -12*g**2 + 10*g - 6. Determine k(1).
-8
Let o(y) = 37*y - 135. What is o(8)?
161
Let j(o) = -340*o + 4075. Calculate j(12).
-5
Let u(r) = 3*r**3 + 19*r**2 - 17*r - 140. Give u(-5).
45
Let x(w) = 3*w**3 + 21*w**2 + 26*w + 9. What is x(-6)?
-39
Let j(q) = -57*q**2 + 6*q - 2. Give j(1).
-53
Let s(g) = g**2 + 85*g + 250. Give s(-82).
4
Let q(h) = 122*h**2 + 6*h + 2. Calculate q(-1).
118
Let t(w) = -75*w**2 + 453*w - 11. What is t(6)?
7
Let f(a) = 179*a**3 - 3*a - 3. Determine f(-1).
-179
Let g(r) = -1773*r + 35463. Give g(20).
3
Let c(v) = -406*v + 14193. Calculate c(35).
-17
Let n(t) = 14*t - 407. What is n(29)?
-1
Let w(y) = y**2 + y - 77. Calculate w(-26).
573
Let x(w) = -4579*w - 45792. What is x(-10)?
-2
Let u(p) = -p**3 + 174*p**2 + 894*p. What is u(-5)?
5
Let g(k) = k**3 + 5*k**2 - 3*k + 13. Determine g(-6).
-5
Let y(f) = 34*f - 371. Determine y(13).
71
Let j(w) = -w**2 + 231*w + 11774. Calculate j(-43).
-8
Let y(l) = -3*l**3 + 52*l**2 - 23*l + 137. Give y(17).
35
Let k(j) = 2*j**3 + 1122*j**2 + 2238*j. Calculate k(-2).
-4
Let j(f) = -12*f**3 + f**2 - 9*f - 9. Calculate j(-1).
13
Let n(d) = d**2 + 12*d + 19. Calculate n(-4).
-13
Let s(y) = -6*y**2 - 477*y + 2811. Give s(-85).
6
Let a(d) = -d**2 + 3690*d - 25787. Determine a(7).
-6
Let c(h) = 4580*h - 45804. Give c(10).
-4
Let s(g) = 3*g**2 - 788*g - 2388. Give s(-3).
3
Let o(u) = 1147*u + 190407. What is o(-166)?
5
Let r(w) = 9*w - 186. Calculate r(17).
-33
Let o(s) = 5*s**3 - 2*s**2 - 2*s + 1. What is o(-1)?
-4
Let n(s) = -s**3 - 2*s**2 + 37*s + 4. Calculate n(-7).
-10
Let u(l) = l**3 - 17*l**2 + l + 441. What is u(15)?
6
Let x(r) = 6*r**2 + 61*r - 2. What is x(-8)?
-106
Let f(o) = -o**3 - o**2 + 8*o - 10. Determine f(-4).
6
Let u(w) = -41*w**2 + 12*w + 64. Give u(-3).
-341
Let c(a) = -5*a**2 + 115*a - 115. Calculate c(1).
-5
Let w(p) = -99*p + 577. Give w(5).
82
Let g(n) = n**2 - 12*n - 104. Give g(-6).
4
Let d(a) = 6*a**2 + 37*a + 37. Give d(-7).
72
Let j(y) = -y**3 - 24*y**2 - 4*y - 57. Determine j(-24).
39
Let a(i) = 32*i - 39. Give a(18).
537
Let x(p) = p**2 + 175*p - 172540. Calculate x(337).
4
Let t(v) = -v**3 - 46*v**2 - 429*v + 39. Give t(-33).
39
Let t(r) = 3*r**3 + r**2 - 3*r - 4. What is t(-2)?
-18
Let u(m) = -117*m - 364. Give u(-3).
-13
Let h(n) = 2*n**3 + 7*n**2 - 9*n + 4. What is h(-5)?
-26
Let v(f) = -31*f**3 - 2*f**2 + f + 1. Determine v(-1).
29
Let r(w) = -2*w**2 - 42*w - 221. Give r(-21).
-221
Let z(l) = 3*l**2 + 7*l + 79. What is z(0)?
79
Let p(t) = 10*t - 660. Determine p(66).
0
Let r(m) = 30*m**2 + 7*m + 4. What is r(-1)?
27
Let y(n) = 3*n**3 - 28*n**2 + 51*n - 7. Give y(3).
-25
Let v(h) = -3594*h + 10797. What is v(3)?
15
Let p(u) = u**3 - 33*u**2 - 1363*u - 277. Determine p(57).
8
Let x(m) = -11*m**3 + 45*m**2 + 123*m + 7. Calculate x(6).
-11
Let t(f) = -618*f**3 - f**2 + 15*f - 15. Give t(1).
-619
Let w(c) = 4*c**2 + 190*c + 67. What is w(-48)?
163
Let u(w) = w**3 + 6*w**2 + 190*w + 1141. Determine u(-6).
1
Let q(l) = -l**2 - 43*l - 30. What is q(-41)?
52
Let j(f) = -f**3 - 12*f**2 + 88*f + 113. Calculate j(6).
-7
Let u(k) = -4538*k - 27208. Give u(-6).
20
Let w(x) = -3*x**3 - 2*x**2 - 4*x + 15. What is w(4)?
-225
Let h(p) = -p**2 + 676*p + 2709. Calculate h(-4).
-11
Let x(y) = -2*y**3 + 13*y**2 - 3*y - 2. Determine x(6).
16
Let j(q) = -10*q**3 + 78*q**2 - 36*q + 18. Give j(7).
158
Let a(g) = -2*g**2 - 1513*g + 7607. Give a(5).
-8
Let j(a) = 16*a - 226. Calculate j(15).
14
Let w(m) = m**2 - 8*m - 51. Give w(8).
-51
Let v(n) = 3*n**2 + 69*n - 136. Determine v(-25).
14
Let g(i) = -46*i - 54. Determine g(-3).
84
Let v(m) = -11*m - 85. Calculate v(-21).
146
Let h(k) = -711*k - 4429. Determine h(-6).
-163
Let v(l) = l**2 - 35*l + 59. Calculate v(36).
95
Let j(f) = 211*f + 13920. Determine j(-66).
-6
Let n(l) = 3*l**3 - 34*l**2 + 53*l - 124. Calculate n(10).
6
Let s(n) = 51*n**2 - 5*n - 14. Give s(-2).
200
Let m(j) = -16*j - 114. Calculate m(-7).
-2
Let r(q) = q**3 + 36*q**2 + 125*q -